{"id":11612,"date":"2022-03-29T22:54:20","date_gmt":"2022-03-29T20:54:20","guid":{"rendered":"https:\/\/ts.at\/de\/?page_id=11612"},"modified":"2025-09-03T13:38:34","modified_gmt":"2025-09-03T11:38:34","slug":"individuelle-makenvertraege-ts-at","status":"publish","type":"page","link":"https:\/\/ts.at\/en\/individuelle-markenvertraege\/","title":{"rendered":"Individuelle Markenvertr\u00e4ge"},"content":{"rendered":"<p><\/p>\n<p><\/p>","protected":false},"excerpt":{"rendered":"","protected":false},"author":9,"featured_media":296,"parent":0,"menu_order":0,"comment_status":"closed","ping_status":"closed","template":"","meta":{"_acf_changed":false,"footnotes":""},"class_list":["post-11612","page","type-page","status-publish","has-post-thumbnail","hentry"],"acf":[],"yoast_head":"<!-- This site is optimized with the Yoast SEO plugin v27.4 - https:\/\/yoast.com\/product\/yoast-seo-wordpress\/ -->\n<title>Individuelle Markenvertr\u00e4ge &#8211; TS&amp;P<\/title>\n<meta name=\"description\" content=\"Ma\u00dfgeschneiderte Markenvertr\u00e4ge und markenrechtliche Vertragsklauseln, zum optimalen Schutz Ihrer wirtschaftlichen Interessen.\" \/>\n<meta name=\"robots\" content=\"index, follow, max-snippet:-1, max-image-preview:large, max-video-preview:-1\" \/>\n<link rel=\"canonical\" href=\"https:\/\/ts.at\/de\/individuelle-markenvertraege\/\" \/>\n<meta property=\"og:locale\" content=\"en_US\" \/>\n<meta property=\"og:type\" content=\"article\" \/>\n<meta property=\"og:title\" content=\"Individuelle Markenvertr\u00e4ge &#8211; TS&amp;P\" \/>\n<meta property=\"og:description\" content=\"{:de}Ma\u00dfgeschneiderte Markenvertr\u00e4ge und markenrechtliche Vertragsklauseln, zum optimalen Schutz Ihrer wirtschaftlichen Interessen.{:}\" \/>\n<meta property=\"og:url\" content=\"https:\/\/ts.at\/de\/individuelle-markenvertraege\/\" \/>\n<meta property=\"og:site_name\" content=\"TS&amp;P\" \/>\n<meta property=\"article:modified_time\" content=\"2025-09-03T11:38:34+00:00\" \/>\n<meta property=\"og:image\" content=\"https:\/\/ts.at\/wp-content\/uploads\/2013\/05\/headerblank.jpg\" \/>\n\t<meta property=\"og:image:width\" content=\"914\" \/>\n\t<meta property=\"og:image:height\" content=\"108\" \/>\n\t<meta property=\"og:image:type\" content=\"image\/jpeg\" \/>\n<meta name=\"twitter:card\" content=\"summary_large_image\" \/>\n<meta name=\"twitter:label1\" content=\"Est. reading time\" \/>\n\t<meta name=\"twitter:data1\" content=\"2 minutes\" \/>\n<script type=\"application\/ld+json\" class=\"yoast-schema-graph\">{\"@context\":\"https:\\\/\\\/schema.org\",\"@graph\":[{\"@type\":\"WebPage\",\"@id\":\"https:\\\/\\\/ts.at\\\/de\\\/individuelle-markenvertraege\\\/\",\"url\":\"https:\\\/\\\/ts.at\\\/de\\\/individuelle-markenvertraege\\\/\",\"name\":\"Individuelle Markenvertr\u00e4ge &#8211; TS&amp;P\",\"isPartOf\":{\"@id\":\"https:\\\/\\\/ts.at\\\/de\\\/#website\"},\"primaryImageOfPage\":{\"@id\":\"https:\\\/\\\/ts.at\\\/de\\\/individuelle-markenvertraege\\\/#primaryimage\"},\"image\":{\"@id\":\"https:\\\/\\\/ts.at\\\/de\\\/individuelle-markenvertraege\\\/#primaryimage\"},\"thumbnailUrl\":\"https:\\\/\\\/ts.at\\\/wp-content\\\/uploads\\\/2013\\\/05\\\/headerblank.jpg\",\"datePublished\":\"2022-03-29T20:54:20+00:00\",\"dateModified\":\"2025-09-03T11:38:34+00:00\",\"description\":\"{:de}Ma\u00dfgeschneiderte Markenvertr\u00e4ge und markenrechtliche Vertragsklauseln, zum optimalen Schutz Ihrer wirtschaftlichen Interessen.{:}\",\"breadcrumb\":{\"@id\":\"https:\\\/\\\/ts.at\\\/de\\\/individuelle-markenvertraege\\\/#breadcrumb\"},\"inLanguage\":\"en-US\",\"potentialAction\":[{\"@type\":\"ReadAction\",\"target\":[\"https:\\\/\\\/ts.at\\\/de\\\/individuelle-markenvertraege\\\/\"]}]},{\"@type\":\"ImageObject\",\"inLanguage\":\"en-US\",\"@id\":\"https:\\\/\\\/ts.at\\\/de\\\/individuelle-markenvertraege\\\/#primaryimage\",\"url\":\"https:\\\/\\\/ts.at\\\/wp-content\\\/uploads\\\/2013\\\/05\\\/headerblank.jpg\",\"contentUrl\":\"https:\\\/\\\/ts.at\\\/wp-content\\\/uploads\\\/2013\\\/05\\\/headerblank.jpg\",\"width\":914,\"height\":108},{\"@type\":\"BreadcrumbList\",\"@id\":\"https:\\\/\\\/ts.at\\\/de\\\/individuelle-markenvertraege\\\/#breadcrumb\",\"itemListElement\":[{\"@type\":\"ListItem\",\"position\":1,\"name\":\"Home\",\"item\":\"https:\\\/\\\/ts.at\\\/de\\\/\"},{\"@type\":\"ListItem\",\"position\":2,\"name\":\"Individuelle Markenvertr\u00e4ge\"}]},{\"@type\":\"WebSite\",\"@id\":\"https:\\\/\\\/ts.at\\\/de\\\/#website\",\"url\":\"https:\\\/\\\/ts.at\\\/de\\\/\",\"name\":\"Tonninger Schermaier & Partner\",\"description\":\"Rechtsanw\u00e4lte\",\"alternateName\":\"TS & P\",\"potentialAction\":[{\"@type\":\"SearchAction\",\"target\":{\"@type\":\"EntryPoint\",\"urlTemplate\":\"https:\\\/\\\/ts.at\\\/de\\\/?s={search_term_string}\"},\"query-input\":{\"@type\":\"PropertyValueSpecification\",\"valueRequired\":true,\"valueName\":\"search_term_string\"}}],\"inLanguage\":\"en-US\"}]}<\/script>\n<!-- \/ Yoast SEO plugin. -->","yoast_head_json":{"title":"Individuelle Markenvertr\u00e4ge &#8211; TS&amp;P","description":"Ma\u00dfgeschneiderte Markenvertr\u00e4ge und markenrechtliche Vertragsklauseln, zum optimalen Schutz Ihrer wirtschaftlichen Interessen.","robots":{"index":"index","follow":"follow","max-snippet":"max-snippet:-1","max-image-preview":"max-image-preview:large","max-video-preview":"max-video-preview:-1"},"canonical":"https:\/\/ts.at\/de\/individuelle-markenvertraege\/","og_locale":"en_US","og_type":"article","og_title":"Individuelle Markenvertr\u00e4ge &#8211; TS&amp;P","og_description":"{:de}Ma\u00dfgeschneiderte Markenvertr\u00e4ge und markenrechtliche Vertragsklauseln, zum optimalen Schutz Ihrer wirtschaftlichen Interessen.{:}","og_url":"https:\/\/ts.at\/de\/individuelle-markenvertraege\/","og_site_name":"TS&amp;P","article_modified_time":"2025-09-03T11:38:34+00:00","og_image":[{"width":914,"height":108,"url":"https:\/\/ts.at\/wp-content\/uploads\/2013\/05\/headerblank.jpg","type":"image\/jpeg"}],"twitter_card":"summary_large_image","twitter_misc":{"Est. reading time":"2 minutes"},"schema":{"@context":"https:\/\/schema.org","@graph":[{"@type":"WebPage","@id":"https:\/\/ts.at\/de\/individuelle-markenvertraege\/","url":"https:\/\/ts.at\/de\/individuelle-markenvertraege\/","name":"Individuelle Markenvertr\u00e4ge &#8211; TS&amp;P","isPartOf":{"@id":"https:\/\/ts.at\/de\/#website"},"primaryImageOfPage":{"@id":"https:\/\/ts.at\/de\/individuelle-markenvertraege\/#primaryimage"},"image":{"@id":"https:\/\/ts.at\/de\/individuelle-markenvertraege\/#primaryimage"},"thumbnailUrl":"https:\/\/ts.at\/wp-content\/uploads\/2013\/05\/headerblank.jpg","datePublished":"2022-03-29T20:54:20+00:00","dateModified":"2025-09-03T11:38:34+00:00","description":"{:de}Ma\u00dfgeschneiderte Markenvertr\u00e4ge und markenrechtliche Vertragsklauseln, zum optimalen Schutz Ihrer wirtschaftlichen Interessen.{:}","breadcrumb":{"@id":"https:\/\/ts.at\/de\/individuelle-markenvertraege\/#breadcrumb"},"inLanguage":"en-US","potentialAction":[{"@type":"ReadAction","target":["https:\/\/ts.at\/de\/individuelle-markenvertraege\/"]}]},{"@type":"ImageObject","inLanguage":"en-US","@id":"https:\/\/ts.at\/de\/individuelle-markenvertraege\/#primaryimage","url":"https:\/\/ts.at\/wp-content\/uploads\/2013\/05\/headerblank.jpg","contentUrl":"https:\/\/ts.at\/wp-content\/uploads\/2013\/05\/headerblank.jpg","width":914,"height":108},{"@type":"BreadcrumbList","@id":"https:\/\/ts.at\/de\/individuelle-markenvertraege\/#breadcrumb","itemListElement":[{"@type":"ListItem","position":1,"name":"Home","item":"https:\/\/ts.at\/de\/"},{"@type":"ListItem","position":2,"name":"Individuelle Markenvertr\u00e4ge"}]},{"@type":"WebSite","@id":"https:\/\/ts.at\/de\/#website","url":"https:\/\/ts.at\/de\/","name":"Tonninger Schermaier & Partner","description":"Rechtsanw\u00e4lte","alternateName":"TS & P","potentialAction":[{"@type":"SearchAction","target":{"@type":"EntryPoint","urlTemplate":"https:\/\/ts.at\/de\/?s={search_term_string}"},"query-input":{"@type":"PropertyValueSpecification","valueRequired":true,"valueName":"search_term_string"}}],"inLanguage":"en-US"}]}},"_links":{"self":[{"href":"https:\/\/ts.at\/en\/wp-json\/wp\/v2\/pages\/11612","targetHints":{"allow":["GET"]}}],"collection":[{"href":"https:\/\/ts.at\/en\/wp-json\/wp\/v2\/pages"}],"about":[{"href":"https:\/\/ts.at\/en\/wp-json\/wp\/v2\/types\/page"}],"author":[{"embeddable":true,"href":"https:\/\/ts.at\/en\/wp-json\/wp\/v2\/users\/9"}],"replies":[{"embeddable":true,"href":"https:\/\/ts.at\/en\/wp-json\/wp\/v2\/comments?post=11612"}],"version-history":[{"count":12,"href":"https:\/\/ts.at\/en\/wp-json\/wp\/v2\/pages\/11612\/revisions"}],"predecessor-version":[{"id":12507,"href":"https:\/\/ts.at\/en\/wp-json\/wp\/v2\/pages\/11612\/revisions\/12507"}],"wp:featuredmedia":[{"embeddable":true,"href":"https:\/\/ts.at\/en\/wp-json\/wp\/v2\/media\/296"}],"wp:attachment":[{"href":"https:\/\/ts.at\/en\/wp-json\/wp\/v2\/media?parent=11612"}],"curies":[{"name":"wp","href":"https:\/\/api.w.org\/{rel}","templated":true}]}}

Individuelle Markenverträge

<!-- This site is optimized with the Yoast SEO plugin v27.4 - https://yoast.com/product/yoast-seo-wordpress/ -->
<title>Individuelle Markenverträge &#8211; TS&amp;P</title>
<meta name="description" content="Maßgeschneiderte Markenverträge und markenrechtliche Vertragsklauseln, zum optimalen Schutz Ihrer wirtschaftlichen Interessen." />
<meta name="robots" content="index, follow, max-snippet:-1, max-image-preview:large, max-video-preview:-1" />
<link rel="canonical" href="https://ts.at/de/individuelle-markenvertraege/" />
<meta property="og:locale" content="en_US" />
<meta property="og:type" content="article" />
<meta property="og:title" content="Individuelle Markenverträge &#8211; TS&amp;P" />
<meta property="og:description" content="{:de}Maßgeschneiderte Markenverträge und markenrechtliche Vertragsklauseln, zum optimalen Schutz Ihrer wirtschaftlichen Interessen.{:}" />
<meta property="og:url" content="https://ts.at/de/individuelle-markenvertraege/" />
<meta property="og:site_name" content="TS&amp;P" />
<meta property="article:modified_time" content="2025-09-03T11:38:34+00:00" />
<meta property="og:image" content="https://ts.at/wp-content/uploads/2013/05/headerblank.jpg" />
	<meta property="og:image:width" content="914" />
	<meta property="og:image:height" content="108" />
	<meta property="og:image:type" content="image/jpeg" />
<meta name="twitter:card" content="summary_large_image" />
<meta name="twitter:label1" content="Est. reading time" />
	<meta name="twitter:data1" content="2 minutes" />
<script type="application/ld+json" class="yoast-schema-graph">{"@context":"https:\/\/schema.org","@graph":[{"@type":"WebPage","@id":"https:\/\/ts.at\/de\/individuelle-markenvertraege\/","url":"https:\/\/ts.at\/de\/individuelle-markenvertraege\/","name":"Individuelle Markenverträge &#8211; TS&amp;P","isPartOf":{"@id":"https:\/\/ts.at\/de\/#website"},"primaryImageOfPage":{"@id":"https:\/\/ts.at\/de\/individuelle-markenvertraege\/#primaryimage"},"image":{"@id":"https:\/\/ts.at\/de\/individuelle-markenvertraege\/#primaryimage"},"thumbnailUrl":"https:\/\/ts.at\/wp-content\/uploads\/2013\/05\/headerblank.jpg","datePublished":"2022-03-29T20:54:20+00:00","dateModified":"2025-09-03T11:38:34+00:00","description":"{:de}Maßgeschneiderte Markenverträge und markenrechtliche Vertragsklauseln, zum optimalen Schutz Ihrer wirtschaftlichen Interessen.{:}","breadcrumb":{"@id":"https:\/\/ts.at\/de\/individuelle-markenvertraege\/#breadcrumb"},"inLanguage":"en-US","potentialAction":[{"@type":"ReadAction","target":["https:\/\/ts.at\/de\/individuelle-markenvertraege\/"]}]},{"@type":"ImageObject","inLanguage":"en-US","@id":"https:\/\/ts.at\/de\/individuelle-markenvertraege\/#primaryimage","url":"https:\/\/ts.at\/wp-content\/uploads\/2013\/05\/headerblank.jpg","contentUrl":"https:\/\/ts.at\/wp-content\/uploads\/2013\/05\/headerblank.jpg","width":914,"height":108},{"@type":"BreadcrumbList","@id":"https:\/\/ts.at\/de\/individuelle-markenvertraege\/#breadcrumb","itemListElement":[{"@type":"ListItem","position":1,"name":"Home","item":"https:\/\/ts.at\/de\/"},{"@type":"ListItem","position":2,"name":"Individuelle Markenverträge"}]},{"@type":"WebSite","@id":"https:\/\/ts.at\/de\/#website","url":"https:\/\/ts.at\/de\/","name":"Tonninger Schermaier & Partner","description":"Rechtsanwälte","alternateName":"TS & P","potentialAction":[{"@type":"SearchAction","target":{"@type":"EntryPoint","urlTemplate":"https:\/\/ts.at\/de\/?s={search_term_string}"},"query-input":{"@type":"PropertyValueSpecification","valueRequired":true,"valueName":"search_term_string"}}],"inLanguage":"en-US"}]}</script>
<!-- / Yoast SEO plugin. -->

Individuelle Markenverträge &#8211; TS&amp;P

Maßgeschneiderte Markenverträge und markenrechtliche Vertragsklauseln, zum optimalen Schutz Ihrer wirtschaftlichen Interessen.

{:de}Maßgeschneiderte Markenverträge und markenrechtliche Vertragsklauseln, zum optimalen Schutz Ihrer wirtschaftlichen Interessen.{:}

Rechtsanwälte
